 prime factors of 6309697734?
2, 3, 2039, 171917
List the prime factors of 2940287.
7, 420041
What are the prime factors of 233747339?
7, 83, 109, 3691
List the prime factors of 3809989614.
2, 3, 19801, 32069
What are the prime factors of 229206080?
2, 5, 281, 2549
What are the prime factors of 1846332350?
2, 5, 127, 290761
List the prime factors of 5232206.
2, 7, 503, 743
What are the prime factors of 1911572?
2, 13, 36761
What are the prime factors of 161918909?
161918909
What are the prime factors of 91780114?
2, 101, 454357
What are the prime factors of 80733559?
467, 172877
List the prime factors of 138746190.
2, 3, 5, 11, 433, 971
List the prime factors of 34532662.
2, 701, 24631
What are the prime factors of 83979941?
281, 298861
List the prime factors of 846456869.
21617, 39157
List the prime factors of 83134935.
3, 5, 13, 142111
What are the prime factors of 355269451?
17, 20898203
What are the prime factors of 38158505?
5, 7, 11, 14159
What are the prime factors of 270175517?
37, 937, 7793
List the prime factors of 30180565.
5, 59, 263, 389
List the prime factors of 59819681.
2087, 28663
List the prime factors of 212094051.
3, 13, 5438309
What are the prime factors of 579477698?
2, 3739, 77491
List the prime factors of 49069518.
2, 3, 8178253
What are the prime factors of 651519767?
3361, 193847
What are the prime factors of 92032904?
2, 503, 22871
What are the prime factors of 1215609760?
2, 5, 7597561
List the prime factors of 367718640.
2, 3, 5, 1532161
List the prime factors of 1748800128.
2, 3, 19, 281, 853
What are the prime factors of 80286579?
3, 2973577
What are the prime factors of 1763493509?
29, 60810121
List the prime factors of 390090783.
3, 130030261
List the prime factors of 14627738.
2, 7313869
List the prime factors of 2029403065.
5, 31, 13092923
What are the prime factors of 33967205?
5, 23, 43, 6869
What are the prime factors of 35767741?
71, 503771
What are the prime factors of 601294988?
2, 7, 21474821
What are the prime factors of 3374299269?
3, 11, 11361277
What are the prime factors of 36220499?
7, 1321, 3917
List the prime factors of 47154862.
2, 23577431
List the prime factors of 1614459829.
41, 1709, 23041
List the prime factors of 38472683.
17, 2263099
List the prime factors of 65100346.
2, 19, 1713167
List the prime factors of 57505956.
2, 3, 29, 165247
What are the prime factors of 7907603060?
2, 5, 7, 56482879
What are the prime factors of 148352702?
2, 74176351
List the prime factors of 2704651481.
7, 55196969
What are the prime factors of 108864691?
13, 43, 194749
What are the prime factors of 88373650?
2, 5, 17, 103969
List the prime factors of 625198215.
3, 5, 197, 211573
List the prime factors of 2191746.
2, 3, 365291
What are the prime factors of 244282001?
353, 692017
List the prime factors of 18270507.
3, 163, 37363
What are the prime factors of 276172296?
2, 3, 19, 605641
List the prime factors of 154337977.
107, 1442411
What are the prime factors of 9373437?
3, 443, 2351
What are the prime factors of 48254531?
13, 271, 13697
List the prime factors of 395383365.
3, 5, 13, 17, 83, 479
What are the prime factors of 2788086637?
7, 179, 739, 3011
What are the prime factors of 1804650786?
2, 3, 33419459
List the prime factors of 38741377.
38741377
List the prime factors of 449230384.
2, 28076899
List the prime factors of 39386163.
3, 13128721
What are the prime factors of 319835767?
319835767
What are the prime factors of 529782847?
11, 3571, 13487
What are the prime factors of 95227810?
2, 5, 19, 97, 5167
List the prime factors of 330926610.
2, 3, 5, 7, 19, 82939
What are the prime factors of 169747562?
2, 84873781
List the prime factors of 374663735.
5, 74932747
What are the prime factors of 207448944?
2, 3, 79, 227, 241
List the prime factors of 307401618.
2, 3, 523, 97961
What are the prime factors of 117533908?
2, 29383477
List the prime factors of 881623317.
3, 293874439
What are the prime factors of 136880547?
3, 45626849
List the prime factors of 3108639.
3, 1036213
List the prime factors of 1182677669.
53, 22314673
List the prime factors of 189060146.
2, 11, 19, 452297
What are the prime factors of 6542807863?
6542807863
What are the prime factors of 28929081?
3, 2711, 3557
List the prime factors of 879584011.
2621, 335591
What are the prime factors of 32646991?
13, 2511307
List the prime factors of 578990990.
2, 5, 19, 317, 9613
What are the prime factors of 127612719?
3, 13, 363569
List the prime factors of 70593501.
3, 11, 283, 7559
What are the prime factors of 1510955771?
13, 116227367
What are the prime factors of 49799876?
2, 7, 23, 11047
What are the prime factors of 171375418?
2, 3989, 21481
List the prime factors of 1930013429.
27017, 71437
What are the prime factors of 66931747?
66931747
List the prime factors of 250596729.
3, 27844081
What are the prime factors of 217370485?
5, 89, 488473
What are the prime factors of 2436100030?
2, 5, 7, 13, 107, 127, 197
List the prime factors of 4895081631.
3, 11, 47, 1052027
What are the prime factors of 45414142?
2, 19, 41, 103, 283
What are the prime factors of 24576046?
2, 11, 61, 18313
What are the prime factors of 282418095?
3, 5, 29, 347, 1871
List the prime factors of 220862548.
2, 55215637
What are the prime factors of 333119514?
2, 3, 7, 13, 19, 163, 197
List the prime factors of 6937231141.
65183, 106427
List the prime factors of 3054712793.
11, 3407, 81509
What are the prime factors of 61469937?
3, 29, 47, 5011
What are the prime factors of 247239243?
3, 103, 88903
List the prime factors of 1431105111.
3, 31, 113, 15131
List the prime factors of 97995130.
2, 5, 997, 9829
What are the prime factors of 121005961?
4153, 29137
List the prime factors of 2232092903.
1093, 2042171
What are the prime factors of 29219193?
3, 3246577
What are the prime factors of 421770607?
19, 22198453
What are the prime factors of 17831405?
5, 19, 187699
List the prime factors of 59259921.
3, 7, 109, 25889
What are the prime factors of 1380361876?
2, 59, 89, 65719
What are the prime factors of 60502989?
3, 349, 57787
What are the prime factors of 296282309?
296282309
List the prime factors of 4108573161.
3, 7, 11, 967, 6131
List the prime factors of 77772299.
11, 7070209
List the prime factors of 3428193619.
43, 151, 527983
List the prime factors of 76049660.
2, 5, 3802483
What are the prime factors of 632123707?
632123707
List the prime factors of 911522191.
2251, 404941
What are the prime factors of 405564674?
2, 202782337
What are the prime factors of 4289057843?
7, 127, 179, 26953
List the prime factors of 3907804.
2, 976951
What are the prime factors of 248236770?
2, 3, 5, 8274559
List the prime factors of 1157972302.
2, 53, 757, 14431
What are the prime factors of 737452889?
47, 15690487
What are the prime factors of 12571742?
2, 353, 17807
What are the prime factors of 22499675?
5, 11, 81817
List the prime factors of 338057630.
2, 5, 599, 56437
List the prime factors of 504858.
2, 3, 84143
What are the prime factors of 2545164?
2, 3, 19, 61
List the prime factors of 62925871.
62925871
What are the prime factors of 545784242?
2, 71, 3843551
List the prime factors of 4697191441.
4697191441
List the prime factors of 44809027.
44809027
List the prime factors of 45506169.
3, 43, 59, 1993
What are the prime factors of 48568302?
2, 3, 899413
List the prime factors of 88981198.
2, 397, 112067
What are the prime factors of 31579621?
23, 1373027
What are the prime factors of 1676832235?
5, 13, 2467, 10457
What are the prime factors of 44542156?
2, 19, 157, 3733
What are the prime factors of 967439538?
2, 3, 13, 459373
What are the prime factors of 5307718120?
2, 5, 132692953
List the prime factors of 15710839.
17, 619, 1493
What are the prime factors of 156713538?
2, 3, 151, 172973
List the prime factors of 5170854217.
23593, 219169
List the prime factors of 62126145.
3, 5, 37, 37313
List the prime factors of 3694434236.
2, 29, 31848571
List the prime factors of 6769369.
157, 43117
List the prime factors of 2716777.
7, 388111
List the prime factors of 15405535.
5, 3081107
What are the prime factors of 21562994?
2, 10781497
What are the prime factors of 2826101165?
5, 17, 1321, 25169
What are the prime factors of 827048?
2, 67, 1543
What are the prime f